 2)/(4/20) is divided by 13?
9
Suppose -2*o + 6*o - 40 = 0. Suppose -4*v - 2 = -o. Suppose -3*j + 0*l = -2*l + 7, 2*j + v*l - 12 = 0. What is the remainder when j is divided by 1?
0
Suppose -c + 0*h = 4*h + 10, -4*c + 5*h + 2 = 0. Let l be ((-2)/6)/(c/30). Suppose -62 - 8 = -l*a. Calculate the remainder when 26 is divided by a.
12
Suppose 3*k = -3*j + j + 6, 0 = -4*j + 3*k + 12. Let t = 5 + -3. Calculate the remainder when j is divided by t.
1
Let l = -53 + 121. What is the remainder when l is divided by 24?
20
Let z(k) = 5*k**2 - 9*k - 4. Let s(v) = 14*v**2 - 28*v - 13. Let y(w) = 6*s(w) - 17*z(w). Let b = -11 - -4. Calculate the remainder when y(b) is divided by 16.
14
Let d = -6 + 42. Suppose 3*v - d = -3*i, 3*v + 32 = 2*i + v. Suppose a - 5*a = -164. What is the remainder when a is divided by i?
13
Suppose -y + 7 + 13 = 0. Calculate the remainder when 118 is divided by y.
18
Suppose -72 = -3*v + 72. Suppose 3*n - 4*g - v = -2*n, -4*g - 16 = -n. Let p(b) = 2*b**2 + b. Calculate the remainder when n is divided by p(1).
2
Suppose 5 = -0*h + 5*h. Let a(w) = -4*w**3 - w**2 + w. Let g be a(h). Let d = 7 + g. Calculate the remainder when d is divided by 2.
1
Let a(d) = d**3 + 10*d**2 - 5*d - 15. Suppose 0*x = 4*x + 40. Calculate the remainder when a(x) is divided by 18.
17
Suppose 2*f + 0 - 18 = 0. Let r(k) = -5 - k - k + 3*k. What is the remainder when f is divided by r(10)?
4
Let u(v) = 6*v + 1. Calculate the remainder when 61 is divided by u(5).
30
Calculate the remainder when ((-68)/(-16))/((-8)/(-32)) is divided by 11.
6
Suppose 5*r - 29 - 21 = 0. Suppose 2*l + 32 = -3*q, -4*l + q - 92 = -0*q. Let m = l - -40. What is the remainder when m is divided by r?
8
Suppose 5*k - 2*k - 415 = -5*w, -4*k - 450 = -5*w. Calculate the remainder when w is divided by 8.
6
Let z(x) = x - 1. Let g be z(5). Suppose -50 = 5*n - 5*y, -g*y = -3*n - 31 - 4. Calculate the remainder when 28 is divided by n/4*12*-1.
13
Let w(c) = c**3 + 3*c**2 - 2. Let g be w(-2). What is the remainder when (g/(-6))/(8/(-96)) is divided by 2?
0
Let n(y) = -y - 11. Let d be n(-10). Let l(s) = -136*s - 1. Let m be l(d). Let j = m + -76. What is the remainder when j is divided by 20?
19
Let s(k) = -k**3 - 7*k**2 + 2*k + 2. Let w be s(-8). Let z = w - 29. What is the remainder when z is divided by 11?
10
Let p = 5 - 3. Calculate the remainder when 5 is divided by p.
1
Suppose 4*z - 3*z = 11. Let w(o) = o**3 - 5*o**2 - 5*o - 3. Calculate the remainder when z is divided by w(6).
2
Let v(i) = i**3. Let c be v(0). Suppose 0 = 2*z - 2*t - 4, 0 = 3*z - c*t + 2*t - 11. Let k(n) = -n. What is the remainder when k(-5) is divided by z?
2
Let i = -21 - -34. Let y = 3 - 0. Calculate the remainder when -5 + y - (-78)/2 is divided by i.
11
Suppose 2*f = -3*d + 21, -d - 3*f + 6 = -1. Calculate the remainder when 17 is divided by d.
3
Let w = -136 + 200. Let i = 139 - w. What is the remainder when i is divided by 26?
23
What is the remainder when ((-1)/2)/((-5)/210) is divided by (-15)/(-6)*48/20?
3
Suppose 0 = -2*x + 4*x - 2*h - 104, 0 = 4*x - 3*h - 208. Calculate the remainder when x is divided by 27.
25
Let r = 0 - -2. Suppose -3*s + r*c + 12 = 0, -2*s - 3 = -4*c - c. Suppose 5*n - 55 = x - s*x, 10 = 5*x. What is the remainder when 25 is divided by n?
7
Let s(k) = 2*k + 5. Calculate the remainder when s(10) is divided by 14.
11
Let j be ((-1)/(-2))/(2/(-4)). Suppose -4*z + 25 = -m, 4*m - 4*z + 2*z = -30. What is the remainder when 8 is divided by (j*1)/(m/25)?
3
Suppose -3*k - k = -48. Let f = -26 + -41. Let i = -32 - f. Calculate the remainder when i is divided by k.
11
Suppose 2 = -w + 6. Suppose 0 = a - w*o + 17, -a + o = -0*a + 2. Let s = -15 + 19. What is the remainder when s is divided by a?
1
Suppose 148 = 8*g - 4*g. Calculate the remainder when 72 is divided by g.
35
Let j(o) = -2*o + 1. Let z be j(-3). Calculate the remainder when 12/z + 2/7 is divided by 2.
0
Let b(z) = z. Let c be b(2). Suppose c*k - 40 = 4. What is the remainder when k is divided by -1*(-2)/(-2) + 13?
10
Let z(p) = -p**2 - 10*p - 12. Let k be z(-8). Suppose -2*h + 9*o + 18 = k*o, -36 = -4*h - o. Calculate the remainder when 43 is divided by (-1)/3 - (-138)/h.
13
Suppose 3*x + 8 = 2. Calculate the remainder when 7 is divided by ((-1)/3)/(x/18).
1
Suppose 2 + 2 = b. Suppose -5*h = b*p - 221, 0 = -4*p - 0*p + 16. What is the remainder when h is divided by (-1)/4 - (-57)/4?
13
Suppose 11*n = 16*n - 65. What is the remainder when n is divided by 1?
0
Suppose -2*z - 2*z - 12 = 0. Calculate the remainder when 30 is divided by z - 2/(6/(-33)).
6
Let j = -103 - -183. Suppose 3*k - 45 = 3*b, -2*b = 5*k - j - 9. Calculate the remainder when 33 is divided by k.
16
Let m = 0 + 0. Suppose m = 6*k - 2*k + 16. Calculate the remainder when (-7)/k*12*1 is divided by 11.
10
Suppose -i = -2*i. Suppose i = -2*y + 60 + 18. Calculate the remainder when y is divided by 10.
9
Let t(o) = -19*o + 2. Let y(w) = 37*w - 4. Let u(n) = -5*t(n) - 3*y(n). Let i be 0 + 2/(-2 + 1). Calculate the remainder when u(i) is divided by 12.
10
Let m(u) = -3*u - 10. Suppose 2 = -2*l, 2*h + l + 5 = -6. Calculate the remainder when 17 is divided by m(h).
2
Let n(w) = w**2 - 3*w + 10. What is the remainder when 35 is divided by n(0)?
5
Suppose 15 = -5*v, 4*a - 63 = -2*v + 7*v. What is the remainder when 34 is divided by a?
10
Let v(d) = -2*d - 2. Let m be v(4). Calculate the remainder when 58 is divided by 4/m - (-408)/20.
18
Let u(m) = m**3 + 9*m**2 - m + 2. What is the remainder when 42 is divided by u(-9)?
9
Let l(j) = 2*j**2 + 4*j**2 - 2*j**2 + 3 - j - 3*j**2. Let y = 100 + -32. What is the remainder when y is divided by l(-4)?
22
Let u(h) = -2*h**3 - 37*h**2 + 19*h + 24. Calculate the remainder when u(-19) is divided by 10.
4
Let q = 27 - 4. Calculate the remainder when 21 is divided by (1 + -1*q)/(-2).
10
Let d(n) be the second derivative of -11*n**5/20 - n**3/3 - n**2/2 - 5*n. What is the remainder when 20 is divided by d(-1)?
8
Let b = 1 - -24. Let n(c) = c + 6. Let i be n(-6). What is the remainder when b is divided by -1 + -1 - (-15 - i)?
12
Suppose -4*g - 22 = -5*h, 3*h - 4*g - 18 = -0*g. Suppose -2*a + 24 = h*a. What is the remainder when 16 is divided by a?
4
Let y(q) = -q**2 - 11*q - 14. Suppose 6*c - 145 = -5*r + c, -3*r - c = -81. Calculate the remainder when r is divided by y(-7).
12
Let l be -134*(5/2 - 3). Let m = l - 36. Suppose 33 = -3*b + 6*b. Calculate the remainder when m is divided by b.
9
Let h(j) = -j**3 - 12*j**2 - j. Let d be -9 - (0 + (2 - -1)). Calculate the remainder when 22 is divided by h(d).
10
Let p(z) = z**2 + 12*z - 4. Let j be p(-12). Let n = 7 + j. Calculate the remainder when (-122)/(-14) - 2/(-7) is divided by n.
0
Let d(t) = 9*t. Let r be d(1). Let v be (-21)/(r/6 + -1). Let q = v + 83. What is the remainder when q is divided by 14?
13
Suppose 3*y - y - 42 = 0. Suppose -2*j + 2*d + 122 = 0, 4*d + 183 = -2*j + 5*j. Calculate the remainder when j is divided by y.
19
Let y(c) = -c**3 + 5*c**2 + 5. Let l be y(5). Suppose -2*w - 60 = -4*q, -3*w = -4*w + l*q - 42. What is the remainder when 41 is divided by w/(-1) - (-2)/(-2)?
20
Suppose 0 = 3*n + 3*u, 0 = 3*n - 0*n - 4*u - 21. Calculate the remainder when n is divided by 1.
0
Suppose 112 - 42 = 7*j. What is the remainder when 17 is divided by j?
7
Let g be -1*2*(-3)/(-2). Let x be (-1)/(g/(-15)) + 2. What is the remainder when 13 is divided by (x - 0)*(-15)/9?
3
Let m = 26 - 3. Calculate the remainder when (-1 + (2 - 0))*m is divided by (1*-2)/((-5)/20).
7
Let w be (3/6 + -1)*-10. Calculate the remainder when 16 is divided by 8 - 0 - (-3 + w).
4
Let a = 47 - 21. Let x = -7 + a. Calculate the remainder when 36 is divided by x.
17
Suppose 4 = 2*a - a. Suppose z + 4*y = -13, -7*z + a = -5*z + 2*y. Suppose -x = 3*p + 8 - 36, 3*p = 2*x - 11. Calculate the remainder when x is divided by z.
6
Calculate the remainder when (7/(-2))/((-1)/18) is divided by (-9)/54 - 97/(-6).
15
Suppose n - 3*s + 2*s = 14, 3*s = n - 12. Let p be (3 + 0)*(-3 + 2). Let o(y) = y**2 - 3. What is the remainder when n is divided by o(p)?
3
Let k = -50 - -71. Let n(m) = 4*m + 24. Calculate the remainder when n(4) is divided by k.
19
What is the remainder when (-670)/(-12) - 3/(-18) is divided by 20?
16
Let f(a)